{"id":11,"date":"2015-11-26T14:27:54","date_gmt":"2015-11-26T14:27:54","guid":{"rendered":"http:\/\/waldorfkindergarten-langen.de\/?page_id=11"},"modified":"2015-11-26T14:32:53","modified_gmt":"2015-11-26T14:32:53","slug":"philosophie","status":"publish","type":"page","link":"https:\/\/waldorfkindergarten-langen.de\/?page_id=11","title":{"rendered":"Philosophie"},"content":{"rendered":"<p><span class=\"xr_tl\"><a href=\"http:\/\/waldorfkindergarten-langen.de\/wp-content\/uploads\/2015\/11\/26.png\"><img decoding=\"async\" loading=\"lazy\" class=\"size-medium wp-image-22 alignright\" src=\"http:\/\/waldorfkindergarten-langen.de\/wp-content\/uploads\/2015\/11\/26-300x234.png\" alt=\"26\" width=\"300\" height=\"234\" srcset=\"https:\/\/waldorfkindergarten-langen.de\/wp-content\/uploads\/2015\/11\/26-300x234.png 300w, https:\/\/waldorfkindergarten-langen.de\/wp-content\/uploads\/2015\/11\/26.png 379w\" sizes=\"(max-width: 300px) 100vw, 300px\" \/><\/a>Heute haben viele Eltern das Bed\u00fcrfnis, ihren <\/span><span class=\"xr_tl\">Kindern eine ganzheitliche Erziehung zukommen <\/span><span class=\"xr_tl\">zu lassen. Gerade die Einfl\u00fcsse in den ersten <\/span><span class=\"xr_tl\">Lebensjahren sind entscheidend f\u00fcr die <\/span><span class=\"xr_tl\">Entwicklung von K\u00f6rper, Seele und Geist.<\/span><\/p>\n<p><span class=\"xr_tl\">Die <\/span><span class=\"xr_tl\">Waldorfp\u00e4dagogik bietet uns die entscheidende <\/span><span class=\"xr_tl\">Grundlage, unsere Kinder zu tatkr\u00e4ftigen, <\/span><span class=\"xr_tl\">willensstarken Menschen zu erziehen.\u00a0In den ersten <\/span><span class=\"xr_tl\">sieben Lebensjahren bilden Vorbild und <\/span><span class=\"xr_tl\">Nachahmung sowie Rhythmus und <\/span><span class=\"xr_tl\">Wiederholungen die Eckpfeiler der Erziehung des <\/span><span class=\"xr_tl\">Kindes. Die sich ausbildenden Sinnesorgane sind <\/span><span class=\"xr_tl\">die Tore zur Welt, durch die alle \u00e4u\u00dferen Eindr\u00fccke <\/span><span class=\"xr_tl\">in den kindlichen Organismus einstr\u00f6men. So kann <\/span><span class=\"xr_tl\">sich das nachahmende Lernen des Kindes durch die <\/span><span class=\"xr_tl\">liebevolle, Vorbild gebende T\u00e4tigkeit des <\/span><span class=\"xr_tl xr_s2\"><span class=\"xr_s1\">Erwachsenen individuell entfalten.<\/span><\/span><\/p>\n<p><span class=\"xr_tl\">Der sich wiederholende Tages- und Wochenablauf <\/span><span class=\"xr_tl\">gibt dem Kind Orientierung in der Zeit und st\u00e4rkt so das Vertrauen in sich und die Welt. Gro\u00dfer Wert wird auf <\/span><span class=\"xr_tl xr_s2\"><span class=\"xr_s1\">das Erleben des <\/span><span class=\"xr_s1\">Jahreslaufes <\/span><span class=\"xr_s1\">und seiner Gliederung durch das Gestalten der Feste gelegt.<\/span><\/span><\/p>\n","protected":false},"excerpt":{"rendered":"<p>Heute haben viele Eltern das Bed\u00fcrfnis, ihren Kindern eine ganzheitliche Erziehung zukommen zu lassen. Gerade die Einfl\u00fcsse in den ersten Lebensjahren sind entscheidend f\u00fcr die Entwicklung von K\u00f6rper, Seele und Geist. Die Waldorfp\u00e4dagogik bietet uns die entscheidende Grundlage, unsere Kinder zu tatkr\u00e4ftigen, willensstarken Menschen zu erziehen.\u00a0In den ersten sieben Lebensjahren bilden Vorbild und Nachahmung sowie &hellip; <a href=\"https:\/\/waldorfkindergarten-langen.de\/?page_id=11\" class=\"more-link\">Continue reading <span class=\"screen-reader-text\">Philosophie<\/span> <span class=\"meta-nav\">&rarr;<\/span><\/a><\/p>\n","protected":false},"author":1,"featured_media":0,"parent":0,"menu_order":1,"comment_status":"closed","ping_status":"closed","template":"","meta":[],"_links":{"self":[{"href":"https:\/\/waldorfkindergarten-langen.de\/index.php?rest_route=\/wp\/v2\/pages\/11"}],"collection":[{"href":"https:\/\/waldorfkindergarten-langen.de\/index.php?rest_route=\/wp\/v2\/pages"}],"about":[{"href":"https:\/\/waldorfkindergarten-langen.de\/index.php?rest_route=\/wp\/v2\/types\/page"}],"author":[{"embeddable":true,"href":"https:\/\/waldorfkindergarten-langen.de\/index.php?rest_route=\/wp\/v2\/users\/1"}],"replies":[{"embeddable":true,"href":"https:\/\/waldorfkindergarten-langen.de\/index.php?rest_route=%2Fwp%2Fv2%2Fcomments&post=11"}],"version-history":[{"count":3,"href":"https:\/\/waldorfkindergarten-langen.de\/index.php?rest_route=\/wp\/v2\/pages\/11\/revisions"}],"predecessor-version":[{"id":25,"href":"https:\/\/waldorfkindergarten-langen.de\/index.php?rest_route=\/wp\/v2\/pages\/11\/revisions\/25"}],"wp:attachment":[{"href":"https:\/\/waldorfkindergarten-langen.de\/index.php?rest_route=%2Fwp%2Fv2%2Fmedia&parent=11"}],"curies":[{"name":"wp","href":"https:\/\/api.w.org\/{rel}","templated":true}]}}