{"id":34,"date":"2015-11-26T14:46:15","date_gmt":"2015-11-26T14:46:15","guid":{"rendered":"http:\/\/waldorfkindergarten-langen.de\/?page_id=34"},"modified":"2019-10-23T15:17:24","modified_gmt":"2019-10-23T15:17:24","slug":"kontakt","status":"publish","type":"page","link":"https:\/\/waldorfkindergarten-langen.de\/?page_id=34","title":{"rendered":"Kontakt"},"content":{"rendered":"<p><span class=\"xr_tl\"><a href=\"http:\/\/waldorfkindergarten-langen.de\/wp-content\/uploads\/2015\/11\/55.png\"><img decoding=\"async\" loading=\"lazy\" class=\"size-medium wp-image-20 alignright\" src=\"http:\/\/waldorfkindergarten-langen.de\/wp-content\/uploads\/2015\/11\/55-300x286.png\" alt=\"55\" width=\"300\" height=\"286\" srcset=\"https:\/\/waldorfkindergarten-langen.de\/wp-content\/uploads\/2015\/11\/55-300x286.png 300w, https:\/\/waldorfkindergarten-langen.de\/wp-content\/uploads\/2015\/11\/55.png 313w\" sizes=\"(max-width: 300px) 100vw, 300px\" \/><\/a>Waldorfkindergarten Langen<br \/>\n<\/span><span class=\"xr_tl\">Bahnstra\u00dfe 17<br \/>\n<\/span><span class=\"xr_tl\">63225 Langen<\/span><\/p>\n<p><span class=\"xr_tl\">Telefon: (0 61 03) 5 36 95<\/span><\/p>\n<p><span class=\"xr_tl\">Sie erreichen uns telefonisch <span class=\"xr_tl\">w\u00e4hrend der\u00a0\u00a0\u00a0\u00a0\u00a0\u00a0\u00a0\u00a0\u00a0\u00a0\u00a0\u00a0 <\/span><span class=\"xr_tl\">B\u00fcrozeiten:<br \/>\n<\/span><span class=\"xr_tl\">Mo-Fr: 9-11 Uhr<br \/>\n<\/span><span class=\"xr_tl\">und per E-Mail:<br \/>\n<\/span><span class=\"xr_tl\">kontakt@waldorfkindergarten-langen<br \/>\n<\/span><span class=\"xr_tl\">(Ansprechpartnerin: Jutta Kerling)<\/span><\/span><\/p>\n<p><span class=\"xr_tl\">Freitag ist unser p\u00e4dagogischer B\u00fcrotag: an diesem Tag k\u00f6nnen Sie sich telefonisch \u00fcber unser Konzept informieren und Besichtigungstermine vereinbaren.<\/span><\/p>\n<p><span class=\"xr_tl\">W\u00e4hrend der hessischen Schulferien ist das B\u00fcro nicht besetzt.<\/span> <span class=\"xr_tl\">Sie k\u00f6nnen aber gerne Ihre Nachricht auf dem Anrufbeantworter hinterlassen.<\/span><\/p>\n","protected":false},"excerpt":{"rendered":"<p>Waldorfkindergarten Langen Bahnstra\u00dfe 17 63225 Langen Telefon: (0 61 03) 5 36 95 Sie erreichen uns telefonisch w\u00e4hrend der\u00a0\u00a0\u00a0\u00a0\u00a0\u00a0\u00a0\u00a0\u00a0\u00a0\u00a0\u00a0 B\u00fcrozeiten: Mo-Fr: 9-11 Uhr und per E-Mail: kontakt@waldorfkindergarten-langen (Ansprechpartnerin: Jutta Kerling) Freitag ist unser p\u00e4dagogischer B\u00fcrotag: an diesem Tag k\u00f6nnen Sie sich telefonisch \u00fcber unser Konzept informieren und Besichtigungstermine vereinbaren. W\u00e4hrend der hessischen Schulferien ist das &hellip; <a href=\"https:\/\/waldorfkindergarten-langen.de\/?page_id=34\" class=\"more-link\">Continue reading <span class=\"screen-reader-text\">Kontakt<\/span> <span class=\"meta-nav\">&rarr;<\/span><\/a><\/p>\n","protected":false},"author":1,"featured_media":0,"parent":0,"menu_order":7,"comment_status":"closed","ping_status":"closed","template":"","meta":[],"_links":{"self":[{"href":"https:\/\/waldorfkindergarten-langen.de\/index.php?rest_route=\/wp\/v2\/pages\/34"}],"collection":[{"href":"https:\/\/waldorfkindergarten-langen.de\/index.php?rest_route=\/wp\/v2\/pages"}],"about":[{"href":"https:\/\/waldorfkindergarten-langen.de\/index.php?rest_route=\/wp\/v2\/types\/page"}],"author":[{"embeddable":true,"href":"https:\/\/waldorfkindergarten-langen.de\/index.php?rest_route=\/wp\/v2\/users\/1"}],"replies":[{"embeddable":true,"href":"https:\/\/waldorfkindergarten-langen.de\/index.php?rest_route=%2Fwp%2Fv2%2Fcomments&post=34"}],"version-history":[{"count":8,"href":"https:\/\/waldorfkindergarten-langen.de\/index.php?rest_route=\/wp\/v2\/pages\/34\/revisions"}],"predecessor-version":[{"id":150,"href":"https:\/\/waldorfkindergarten-langen.de\/index.php?rest_route=\/wp\/v2\/pages\/34\/revisions\/150"}],"wp:attachment":[{"href":"https:\/\/waldorfkindergarten-langen.de\/index.php?rest_route=%2Fwp%2Fv2%2Fmedia&parent=34"}],"curies":[{"name":"wp","href":"https:\/\/api.w.org\/{rel}","templated":true}]}}

<p><span class="xr_tl"><a href="http://waldorfkindergarten-langen.de/wp-content/uploads/2015/11/55.png"><img decoding="async" loading="lazy" class="size-medium wp-image-20 alignright" src="http://waldorfkindergarten-langen.de/wp-content/uploads/2015/11/55-300x286.png" alt="55" width="300" height="286" srcset="https://waldorfkindergarten-langen.de/wp-content/uploads/2015/11/55-300x286.png 300w, https://waldorfkindergarten-langen.de/wp-content/uploads/2015/11/55.png 313w" sizes="(max-width: 300px) 100vw, 300px" /></a>Waldorfkindergarten Langen<br />
</span><span class="xr_tl">Bahnstraße 17<br />
</span><span class="xr_tl">63225 Langen</span></p>
<p><span class="xr_tl">Telefon: (0 61 03) 5 36 95</span></p>
<p><span class="xr_tl">Sie erreichen uns telefonisch <span class="xr_tl">während der             </span><span class="xr_tl">Bürozeiten:<br />
</span><span class="xr_tl">Mo-Fr: 9-11 Uhr<br />
</span><span class="xr_tl">und per E-Mail:<br />
</span><span class="xr_tl">kontakt@waldorfkindergarten-langen<br />
</span><span class="xr_tl">(Ansprechpartnerin: Jutta Kerling)</span></span></p>
<p><span class="xr_tl">Freitag ist unser pädagogischer Bürotag: an diesem Tag können Sie sich telefonisch über unser Konzept informieren und Besichtigungstermine vereinbaren.</span></p>
<p><span class="xr_tl">Während der hessischen Schulferien ist das Büro nicht besetzt.</span> <span class="xr_tl">Sie können aber gerne Ihre Nachricht auf dem Anrufbeantworter hinterlassen.</span></p>

<p>Waldorfkindergarten Langen Bahnstraße 17 63225 Langen Telefon: (0 61 03) 5 36 95 Sie erreichen uns telefonisch während der             Bürozeiten: Mo-Fr: 9-11 Uhr und per E-Mail: kontakt@waldorfkindergarten-langen (Ansprechpartnerin: Jutta Kerling) Freitag ist unser pädagogischer Bürotag: an diesem Tag können Sie sich telefonisch über unser Konzept informieren und Besichtigungstermine vereinbaren. Während der hessischen Schulferien ist das &hellip; <a href="https://waldorfkindergarten-langen.de/?page_id=34" class="more-link">Continue reading <span class="screen-reader-text">Kontakt</span> <span class="meta-nav">&rarr;</span></a></p>
